*k**2 + 11*k - 7. Let n(l) = l**3 + 3*l**2 + 4*l - 2. Let h(x) = -2*g(x) + 7*n(x). Give h(f).
-8
Let b(r) be the second derivative of -r**5/20 + r**4/12 + r. Let i be 1/(-3) - (-312)/18. Suppose -c - 4*h = -i, 4*c + 0*h = h. What is b(c)?
0
Let j(r) be the third derivative of 1/24*r**4 + 0 + 1/6*r**3 - 2*r**2 + 0*r. Let v(q) = 3*q + 1. Let p(i) = 4*j(i) - 2*v(i). Calculate p(2).
-2
Suppose -2*x - 4*h - 32 = -6*x, 0 = x + h - 4. Let m(k) = k**3 - 7*k**2 + 4*k - 7. What is m(x)?
-19
Suppose 3*h = h + 14. Let c(y) = -4*y**2 + 3*y**2 + 0*y**2 - h - 7*y + 0. Calculate c(-6).
-1
Let v(m) = 2*m + 5*m - 4 - 2*m**2 + m**2. Let q be v(6). Let z(d) = 3*d**q - 2*d**2 - 2 - 3. Determine z(0).
-5
Let m(c) = 2*c**2 + 3 - 2*c**3 + c**2 + c + c + c**3. Calculate m(3).
9
Let o = -21 - -21. Let a(m) be the third derivative of -1/24*m**4 + o - 7/120*m**6 + 3*m**2 + 0*m + 1/6*m**3 + 0*m**5. Determine a(1).
-7
Let o(z) be the third derivative of z**7/5040 - z**5/60 + z**2. Let g(n) be the third derivative of o(n). Determine g(-4).
-4
Let h(d) = -d + 4. Let r(c) = -c**3 - 15*c**2 - 15*c - 14. Let q be r(-14). Give h(q).
4
Suppose 10 = 4*p + 2*w, -p + 5*p - 7 = -3*w. Suppose 15 = -5*h - x, 2*x + 27 = -p*h + 9. Let z(t) = -2*t**2 + 2 - 3 - 2*t - 1. Calculate z(h).
-6
Suppose -3*a = -7 + 1. Let w(h) = -4 - h**a + 7*h**3 + 5 + 4 + 11*h. Let z(q) = -4*q**3 + q**2 - 6*q - 3. Let c(v) = 3*w(v) + 5*z(v). Calculate c(-2).
-6
Let c = 211 + -206. Let b(z) be the third derivative of 0 - 1/24*z**4 + 0*z - z**2 + 5/3*z**3. Calculate b(c).
5
Let q(u) = u. Suppose -15 = -4*v - 7. Let z = 8 - v. Determine q(z).
6
Let h(i) = -i - 1. Let j be h(-2). Let u(w) = -4*w - 10. Let a(o) = 3. Let s(g) = -3*a(g) - u(g). Determine s(j).
5
Let k(v) = -v**2 + 3*v + 1. Let q be k(4). Let z(t) = 2*t**2 + 6*t - 2. Let p(a) = a**2 + 3*a - 1. Let i(o) = -5*p(o) + 2*z(o). Calculate i(q).
1
Let z(y) = 5*y - 3. Let c(u) = -3 - 3 + 5. Let o(q) = -2*c(q) + z(q). Suppose 0 = 2*f + 3*d - 17, 0*d + 1 = -4*f + d. Give o(f).
4
Let x(u) = u**2 + u - 3. Suppose 0 = -5*h - 25, 2*f + 2*h = -2*f + 30. Let j = -13 + f. Determine x(j).
3
Let f(y) = y**3 - 4*y**2 - 6*y + 1. Let g(q) = -q**3 - 7*q**2 - 3*q - 16. Let d be g(-7). Calculate f(d).
-4
Let h(n) be the third derivative of -n**5/60 + n**4/24 + n**3/6 + 13*n**2. Determine h(0).
1
Let n = 12 - 9. Suppose 6 = -y - 4*p, 4*y = -y - 5*p. Let d(r) = 3 - 4*r**2 + r**n + 5*r**3 - 5*r**3 + 3*r**y - 4*r. Give d(2).
-1
Let a(y) = -2*y + 2. Suppose -3*k - 12 = -0. Let f = -2 - k. Give a(f).
-2
Let p(a) be the first derivative of -5*a**2/2 - 3. What is p(-2)?
10
Let a(u) = -u**2 + 4*u - 3. Let x be a(2). Suppose -x = -k + 2. Let w(h) = 4*h**2 + 2 - 3*h**2 - h**k - 4. Determine w(2).
-6
Suppose b = 7 - 0. Let r(j) = -j + j - 10 + b*j**2 + 11. Determine r(1).
8
Let o(c) = -2*c - 34. Let s(q) = q + 17. Let u(f) = -4*o(f) - 7*s(f). Determine u(0).
17
Let a(j) be the third derivative of -7*j**4/24 - j**3/6 - 9*j**2. Give a(2).
-15
Let x(b) = 3*b**2 + 2*b + 2. Let h = -1 - -1. Suppose 0 = 3*r - h + 12. Let y(v) = 13*v**2 + 9*v + 9. Let s(o) = r*y(o) + 18*x(o). Determine s(1).
2
Let q(u) = -9*u + 2. Let z(i) = -5*i + 1. Let x(f) = 4*q(f) - 9*z(f). Calculate x(1).
8
Suppose 5 = 2*n - 0*o - 3*o, -2*o + 18 = 4*n. Let p(b) be the third derivative of 1/8*b**n + 1/120*b**6 + 2*b**2 + 1/15*b**5 + 0*b + b**3 + 0. Calculate p(-4).
-6
Let b(g) = -g - 2. Let n = 117 + -109. Give b(n).
-10
Suppose 4*x + 2 = -2*s, 7*s + 2*x = 4*s - 11. Let h(z) = z**2 + 3*z + 6. Determine h(s).
16
Let g be (-1)/(((-3)/6)/1). Let n be (-48)/(-18) - g/(-6). Let d(y) = -y**3 + 4*y**2 - 3*y + 1. What is d(n)?
1
Suppose 5*s - 5 = -5*g, g + 2*s + 13 = 4*g. Let f(v) = 0*v + 4*v - v**g + 3*v - 3*v + v**2 + 3. Let t be (-1)/(((-1)/(-2))/1). What is f(t)?
7
Let m(y) = y - y + 1 - 4*y**2 + 2*y. Let f be m(-1). Let r(o) = -o + 4*o**2 - 2*o**2 - o**2 + 6*o. Give r(f).
0
Let g be (-38)/(-8) - 4/(-16). Suppose -g*d - 28 + 3 = 0. Let t(s) = -s**3 - 4*s**2 + 6*s + 1. Give t(d).
-4
Let r(m) = m - 4. Let y = 34 + -59. Let o be 9/(-5) + 5/y. Let b = -2 - o. Give r(b).
-4
Let z(h) = h**2 + 2*h + 1. Let k be (-2 - -5) + (0 - -1). Suppose -5*a + 5 = 0, -3*a = k*t + 18 - 9. Let o be t/6 + 4/(-8). What is z(o)?
0
Let x be (-1)/2 + (-3)/(-6). Let s(v) be the first derivative of v**2/2 + 5*v + 21. Give s(x).
5
Let f be -2 - (-1 - -2) - -2. Let c(a) = -a. Let n(q) = 2*q - 1. Let i(w) = 6*c(w) + n(w). What is i(f)?
3
Let r = 10 - 2. Let z(f) = f**3 + 8. Let c be z(0). Let t = c - r. Let b(n) = n**3 + n - 6. Determine b(t).
-6
Let n be (2 + 0)*(1 + 0). Let l be (12/(-2))/2 + n. Let h(b) = -10*b**3 + b + 1. Give h(l).
10
Let q(w) = -w**2 - 4*w - 2. Let v be q(-2). Let n(h) = h**2 + h + 2. Give n(v).
8
Suppose 0 = -3*p - 3, 37 = 2*q - 3*p + 8. Let k be 1/(-3) + q/3. Suppose k*n = -n + 20. Let t(h) = -h**2 + 3*h + 5. Determine t(n).
1
Suppose -4*m - 14 = z, -3*z - 3*m = z - 9. Let t(p) = 0*p + 0*p - 5*p + z + 4*p. Give t(0).
6
Let g(n) = -729*n**2 - 9 + 2*n - 2*n**3 + 723*n**2 + 3*n**3. Determine g(6).
3
Let g(a) = -3*a**2 - a**3 - 6 - 7*a + 2*a**3 + 7*a**2. Calculate g(-5).
4
Let o(n) = 12*n**2 + 2*n - 1. Let g = -10 - -11. Calculate o(g).
13
Suppose 12 = -4*j + 36. Let m(l) = -l**2 + 7*l - 2. Determine m(j).
4
Let z(t) = -t**3 + t - 2 + 14 - t**2 - 9. What is z(0)?
3
Let r(q) be the third derivative of -q**5/120 + q**4/3 - q**3/6 + 3*q**2. Let y(c) be the first derivative of r(c). What is y(6)?
2
Let g(o) = -o**2 + o. Let l(d) = 4*d**2 - 5*d - 1. Let m(b) = -5*g(b) - l(b). Let r(p) = 2*p**2 - 5*p + 7. Let x(k) = -3*m(k) + r(k). Determine x(-5).
4
Let l(b) = -b**2 - 4*b - 2. Let a be (2 + 0 - 2) + 2. Let t(r) = r + 1. Let v be t(2). Suppose -3 = -2*s + 4*w + 1, a*s = -v*w - 17. What is l(s)?
-2
Let j(r) be the first derivative of 2*r**3/3 - 2*r**2 + 6*r - 44. What is j(4)?
22
Suppose 5*g + 10 = 25. Let i(f) = -886*f**2 + 2 + 887*f**2 - 2 - 4*f. Calculate i(g).
-3
Suppose 3*y - 8 = 10. Let l(m) = 5 - 6 - y*m**2 - 5 + m**3 + 6*m. What is l(5)?
-1
Let f = -3 - -3. Let v(w) = w**2. Give v(f).
0
Let b(u) = u**3 + 13*u**2 - 15*u + 5. Let k be b(-14). Let z = 20 - k. Let d(v) = -4*v**3 - 1. Calculate d(z).
-5
Let f(o) be the first derivative of o**3/3 - 5*o**2/2 + o + 2. Suppose 5*b - 3*l + 17 = 0, l = -b - 8 + 3. Let r = b - -7. Determine f(r).
-5
Let b(r) = -r + 6. Let p be b(6). Let g(j) = j - 1. Let n(m) = 9 - 5 + 1 - 4. Let z(y) = g(y) - 3*n(y). Calculate z(p).
-4
Let a(b) = -b - 4. Suppose -34 = -8*j + 5*j - 4*u, 3*j - 31 = -u. Let r be 4/j - (-38)/5. Let s = r + -11. Determine a(s).
-1
Let l = 2 - 2. Let o(j) = j**3 - 2*j**2 - 2*j - 2. Let c be o(3). Let q = l - c. Let s(t) = -t**2 - t - 1. What is s(q)?
-1
Let s be 19/3 + (-1)/3. Suppose -s*w + 20 = -w. Let o(t) be the third derivative of t**6/120 - t**5/30 - 5*t**4/24 - t**3/2 - 8*t**2. Determine o(w).
9
Let i(b) be the first derivative of 3*b + 2*b**2 - 1 + 1/3*b**3. Suppose 0 = 3*o + 20 - 5. What is i(o)?
8
Let h(i) be the second derivative of -i**3/3 - i**2/2 - 50*i. Determine h(-5).
9
Let c(n) = -2*n + 23. Let s(d) = -d + 12. Let o(r) = -3*c(r) + 7*s(r). Calculate o(7).
8
Let c(d) = -d + 1. Let z(x) = -x**2. Let u(h) = 3*c(h) - z(h). Suppose f - 6 = -0*l - l, 21 = 3*f + 4*l. Let n be f + -2 - (-2 + -1). Determine u(n).
7
Let f(d) = -17 + 22 - d**2 - 3*d + 4*d. What is f(0)?
5
Let a(n) be the second derivative of n**5/10 + n**4/3 + n**3/6 + 2*n**2 + 9*n. Calculate a(-3).
-17
Let t(y) = -y**3 - 5*y**2 - y - 1. Let p = -63 + 66. Suppose 14 = 3*j + 38. Let i = j + p. What is t(i)?
4
Let m(k) = -k**3 + k**2 - 2*k + 1. Let q = -15 + 16. Calculate m(q).
-1
Let p(w) = w**2 - 2*w - 2. Let a(c) = -c**2 + 8*c - 8. Let v(f) = f**2 + f - 17. Let b be v(0). Let u = -11 - b. Let y be a(u). Determine p(y).
6
Let o be (5/(-2))/((-1)/(-4)). Let p be -6*(o/(-4))/5. Let r be -3*((-8)/p + -2). Let h(k) = -k**3 - 2*k**2 + 2*k + 1. What is h(r)?
-3
Let y(b) = -2*b**3 + b**2 - b + 1. Let p be ((-5)/(-25))/((-3)/(-15)). Give y(p).
-1
Suppose 0 = 2*i - 3*i - 9. Let b = i - -15. Let k(p) = p**2 - 6*p - 2. Give k(b).
-2
Let l = -9 + 13. Let b(s) = l*s**2 + s**3 - 5*s**2 + 6*s + 0*s**2 - 4*s**2. Give b(4).
8
Let o(c) = -12*c + 9*c + 0 - 3 + 1. Calculate o(4).
-14
Let b(z) be the first derivative of -z**2/2 - 3